e?
True
Let c = 52331 - 29381. Suppose -5*p + c - 5735 = 0. Let x = p - 2124. Is x a prime number?
True
Suppose -24*b + 4041539 + 5363955 = 450446. Is b prime?
True
Let s = -48 - -36. Let z(p) = -1587*p - 3. Let y be z(s). Is (-2)/7 + y/77 composite?
True
Is -1*14*(19 - (-598349)/(-34)) prime?
False
Suppose -81560 = -3*l + 2*b + 22335, -3*l + 103901 = b. Is l a composite number?
True
Is (-42600 - -14)*(-9)/18 a composite number?
True
Suppose -5*b + 3*k + 2*k = -16195, -3*b + 9721 = -5*k. Suppose 50*f = 47*f + b. Is f a composite number?
True
Let i = 23 + -21. Let l(v) = -4 - 50*v + 77*v**i + 55*v - 3. Is l(-6) a composite number?
True
Suppose -3*t + 121048 + 42187 = 5*r, -163235 = -5*r - 5*t. Is r composite?
False
Suppose 5*i - 12 = 7*i. Let y(q) = 7*q + 46. Let v be y(i). Suppose -b + v*b - 3*m - 1032 = 0, 2*m - 668 = -2*b. Is b prime?
False
Suppose -11*i + 35*i - 72 = 0. Suppose -3*a + 5114 = 2*u, -30*u + 7665 = -27*u + i*a. Is u a prime number?
True
Suppose 3*u - 5*q = 7*u - 2765, 2*q + 2730 = 4*u. Suppose 3745 = 2*n - u. Is n a prime number?
False
Suppose 0 = -l - 3*c + 1 + 17, 4*l - 12 = 3*c. Let u(a) = 18*a**3 + 3*a**2 - 19*a + 1. Is u(l) a prime number?
False
Suppose -29*h + 27*h = 5*s - 3336, -3*h + 2*s = -5042. Is h a composite number?
True
Suppose -2191 = -4*q + 385. Suppose -23*v = r - 28*v - q, 2*r - 1252 = -2*v. Is r composite?
True
Let d be (-2)/(-11) + -4 + 30240/55. Suppose 0 = 536*z - d*z + 37610. Is z a composite number?
False
Let j = 101 + -89. Let a(m) = 2*m**3 - 19*m**2 + 29*m - 4. Let w be a(j). Suppose 5*o - w = 3*b, b + 2*b + 431 = 2*o. Is o composite?
False
Suppose 2368*a = 2356*a + 5172. Is a a composite number?
False
Let l = -4 + 1. Let v = l + 11. Suppose -3002 + 13794 = v*n. Is n composite?
True
Is (347964 - -127)*(0 - -1) a prime number?
False
Let s(l) be the first derivative of 147*l**2/2 - 5*l + 5. Let t = -182 + 196. Is s(t) prime?
True
Let i(t) = -t**3 + 11*t**2 + 12*t + 1. Suppose 4*b - 2*s = 3*b + 19, -s - 55 = -4*b. Let d be i(b). Let l = 30 - d. Is l a composite number?
False
Suppose 43*w - 349*w + 72827082 = 0. Is w a composite number?
False
Let l be 3/1*((-2019)/(-3) + -2). Is (l - -2) + 15/5 prime?
False
Suppose -86*a + 88*a = 3032. Let n = a + -885. Is n a composite number?
False
Let u be (20 - -2 - 1) + (3 - 4). Suppose 0 = 4*x + 3*b - u, -4*x + 10 = -2*x - 2*b. Let h(f) = 9*f**3 - 7*f**2 + 4*f + 13. Is h(x) a composite number?
False
Suppose -261015 = -9*c + 356754. Is c a prime number?
False
Suppose 37*r = 25*r + 192. Is (-684)/(-52) - r/104 composite?
False
Is ((-1)/(-3))/((-24)/9) - 3115885/(-40) a composite number?
True
Suppose 92 = 5*m - 2*t, 4*m - 35 = 2*m - t. Suppose -f = 5*u + m - 68, 5*u - 40 = -3*f. Suppose u*z - 4*z = 469. Is z a composite number?
False
Suppose 10*y = 4960 + 660. Suppose 0 = 2*l - 4*h - y, 9*l - 1184 = 5*l - 4*h. Is l a prime number?
False
Let y(j) = -266*j + 15 + j**2 - 2*j**2 + 308*j + 14. Is y(33) a prime number?
False
Suppose 0 = u - 27*u + 192452. Let g = u - 4629. Is g prime?
False
Suppose 7*v - 3725529 = -43*v - 952879. Is v prime?
False
Suppose -17*a = -199*a + 462826. Is a composite?
False
Let i(f) = 271*f + 52501. Is i(0) a prime number?
True
Let b = -342 - -257. Is ((-120938)/b)/(2/5) a prime number?
True
Is (16343196/(-60) + -13)/(2/(-5)) a composite number?
True
Suppose 5*h + 18137 = 3*t, 1767*h = 1763*h + 8. Is t a prime number?
False
Let m = -27543 + 43955. Suppose 5*g - 9537 + 1341 = -2*w, 4*w - m = -5*g. Suppose -12*c + 16*c - w = 0. Is c a prime number?
False
Let g(w) = -11646*w - 6061. Is g(-24) composite?
True
Let i(v) be the second derivative of 11/20*v**5 + 0 - 2*v**2 + 6*v + 1/2*v**4 + 1/3*v**3. Is i(5) composite?
False
Let d(w) be the second derivative of 1/20*w**5 + 0 - 11*w - 5/2*w**2 + 0*w**3 + w**4. Is d(-8) a prime number?
True
Suppose 0 = 4*m - 0*m - 16, -3*w - 3*m + 18 = 0. Suppose -w*k + 6 = 0, -1 = -3*r - k + 8. Suppose -r*p + 7*p = 4765. Is p a prime number?
True
Suppose k = z - 4, -5*z - 5*k + 14 = -8*k. Is 18124 - z - (-15 + 19) a prime number?
True
Suppose 4*d = -262*y + 261*y + 44429, 4*d + 3*y - 44431 = 0. Is d a prime number?
False
Let x(n) be the second derivative of 34*n**4/3 + 13*n**3/3 - 175*n**2/2 - 175*n. Is x(7) a composite number?
True
Let f = 14923 + 58470. Is f composite?
True
Let t(x) be the second derivative of -x**5/20 + 5*x**4/12 + 5*x**3/6 - 5*x**2/2 - 3*x - 1. Is t(-8) composite?
False
Suppose 27*u - 79*u + 37123891 = 4890703. Is u prime?
False
Let m = 8105 + -5504. Let x = -664 + m. Is x a prime number?
False
Let j = 39197 - 135. Is j a composite number?
True
Let r(o) = -94*o**2 - 32*o - 30. Let j be r(-8). Let l = -3569 - j. Is l a composite number?
False
Let s = 134 + -150. Let y(a) = -69*a - 58. Is y(s) a composite number?
True
Suppose q - 4*q + 3*l + 12042 = 0, -4*q + 2*l = -16064. Let o = q - 1047. Is o prime?
True
Suppose -4*q = -5*g - 27, -2*g = -5*g + 2*q - 15. Let i be (-2 + 5)/(8/2 + g). Suppose i*r = -3*r + 21882. Is r prime?
False
Suppose -833 = -2*w - 5*g + 938, -5*w + 4456 = 3*g. Let t = 468 + w. Is t a prime number?
True
Let v(p) = -171*p + 2. Let n be v(-7). Suppose -266 = -h + 4*y, 4*y - 8*y - 512 = -2*h. Let u = n - h. Is u composite?
False
Suppose 5*n - 2724684 = -h, n = -2*h + 360296 + 184639. Is n a prime number?
True
Let v(z) = 4*z - 2. Let o = 91 - 87. Let t be v(o). Let h = 53 - t. Is h a prime number?
False
Let l(h) = 28*h**2 + 6*h - 13. Suppose 2*p - 45 + 12 = -5*d, 3*p - 17 = -d. Suppose 4*t + 53 = 5*v, -3*v - p*t = -t - 21. Is l(v) a composite number?
False
Let r(l) = 27*l**3 - 9*l**2 + 12*l + 11. Let d(k) = 2*k - 30. Let m be d(18). Is r(m) a prime number?
True
Suppose 4*n = -r + 4*r - 70727, r = 3*n + 23574. Suppose -7*w + r = 2500. Is w prime?
True
Suppose -4*n + 7*n = -x + 1665, 0 = 3*n. Suppose 4*r - 1267 = x. Let q = r + -424. Is q prime?
False
Let a = -29 - -34. Suppose 0 = p + a*f - 1872 - 44, 0 = f. Suppose -3*k = k - p. Is k a prime number?
True
Let c = 567381 + 596770. Is c prime?
False
Let a = 83625 + 26794. Is a a prime number?
True
Let u = 384 - 256. Suppose m - 230 = l, -l + 2*m - 101 - u = 0. Is 1/3 + (-11)/(l/392) a prime number?
True
Suppose -2212 - 4630 = 11*i. Let t = 2177 + i. Is t a prime number?
False
Let f(i) = 220*i**2 + 24*i - 87. Let v = 696 - 682. Is f(v) composite?
True
Let a(v) = -6*v - 8. Let x be a(4). Let s be 69/(-24) + 3 - (-4)/x. Suppose 4*h - 5*h - 3*n + 386 = s, -2*h + 781 = 3*n. Is h a prime number?
False
Let o = 525 + 71. Suppose 34*h = 30*h + o. Is h a composite number?
False
Let o(u) = 1437*u + 1022. Is o(87) prime?
True
Suppose 9*b = 6*b + 123. Suppose -b*i + 34*i + 74123 = 0. Is i a prime number?
True
Suppose -4*v + 444 = -5*a, a + 0 = 4. Let t = 107 + v. Is 1*(0 - -2)*t - -3 composite?
False
Let w be (-6)/(-2)*8/36*-21. Let r(n) = n + 18. Let y be r(w). Suppose k = -y*k + 2*i + 6651, 5*i + 15 = 0. Is k a prime number?
False
Is 424*((-19845)/(-40) - -10) composite?
True
Let r be -1*(-1 + 10/(-5)). Is 1384/24*(-3)/r*-9 composite?
True
Let f(r) = -289406*r - 4217. Is f(-5) composite?
True
Let x = -3202 + 4556. Let u be -5 - (-19 - (1 + -2)). Suppose -x = 11*s - u*s. Is s composite?
False
Let i(u) = u**2 - 68*u + 60703. Is i(0) composite?
False
Suppose 0 = -3*o + 4*k + 352, -15*o + 14*o - 4*k = -112. Suppose -3*m - 20 = -8*m. Suppose -m*i + 600 = -o. Is i prime?
True
Suppose 0 = -2*z + 2*w - 484, -4*z - 32*w - 974 = -30*w. Let x = z - -332. Is x prime?
True
Let n(v) = 3347*v**3 - 7*v**2 - 33*v + 16. Is n(5) a composite number?
False
Let m = 1547488 + -1032491. Is m prime?
False
Suppose 2*i - 25318 = -0*i + 3*m, 4*m + 25322 = 2*i. Let s = 19078 - i. Suppose z - s = -4*z. Is z a composite number?
True
Let s = -146 + 140. Let q(a) = -1447*a + 59. Is q(s) composite?
False
Let x(k) = 493*k**2 - 314*k - 137. Is x(-22) composite?
False
Let l = -70 - -92. Suppose 358 = 23*k - l*k. Let w = k - -495. Is w a composite number?
False
Suppose -3*c = -3, -2*k = -3*c + 5*c - 110. Let u = k + -57. Let f(l) = 125*l**2 - l - 7. Is f(u) a prime number?
False
Suppose 11728846 + 9721454 = 300*a. Is a a prime number?
False
Let t be (-75)/(-20)*(-203936)/(-6). Is ((-3)/6)/((-10)/t) a prime number?
True
Let m(b) = b**2 + 5*b - 9. Let z be m(-8). Let r = z + -9. Suppose